. List the prime factors of v/8 - n/(-4).
3
What are the prime factors of -5 + 147 + 0/2?
2, 71
Let d be ((-30)/8)/(12/32). Let u = -4 + d. List the prime factors of 4/(u/(-6) + -2).
2, 3
Suppose 60 + 117 = 3*d. List the prime factors of d.
59
Let d(y) be the first derivative of y**4/4 - 3*y**3 + 11*y**2/2 - 12*y + 1. List the prime factors of d(8).
2, 3
Suppose 4*r = 13 + 7. Suppose -4*y - 2*u = 2*u - 40, r*y - 30 = 5*u. List the prime factors of ((-11)/4)/((-2)/y).
11
Suppose -5*w - 2*v = -3*w - 92, -4*v = -4*w + 200. Suppose 3*o = p + 8*o - 12, 4*p - w = -3*o. List the prime factors of p.
2, 3
Let y(b) = -b + 8. Let u be y(5). Suppose 3*l = u*a - 36, 3*a - 2*l - 44 = -7*l. List the prime factors of a.
13
Let x(k) = -4*k - 6. Suppose -5 - 11 = 4*q. List the prime factors of x(q).
2, 5
Suppose x = -3*x + 184. Let m = x - 25. What are the prime factors of m?
3, 7
Suppose 0 = 4*q - 260 - 188. List the prime factors of q.
2, 7
Let s(u) = -2*u - 1. Let v be s(-5). Let i be (-1 + 1)/(1 - 0). Suppose j + i*j - v = 0. What are the prime factors of j?
3
Let t be (-1)/3 - 52/(-3). Suppose -3*y - 5 = -t. Suppose -2*n + 10 = -3*v, -n + y*v = -0 - 5. List the prime factors of n.
5
Suppose -2*y = r + 28, 163 = -5*r + 4*y + 37. Let w = -54 - -9. Let k = r - w. List the prime factors of k.
19
Suppose 3*k + 15 = 6*k. Suppose -4*o = -4*h - 96, 2*o = 4*o - k*h - 51. List the prime factors of o.
23
Let p(u) be the first derivative of -1/4*u**4 + 4*u - 5/2*u**2 - 3 + 7/3*u**3. List the prime factors of p(6).
2, 5
Suppose 82 = -3*t + 5*t. What are the prime factors of t?
41
Let k(o) = -10*o**3 + 4*o**2 - o - 3. Let t(b) = 21*b**3 - 7*b**2 + 2*b + 5. Let m = -5 + 9. Let q(r) = m*t(r) + 7*k(r). What are the prime factors of q(1)?
2, 7
Let y be (-6)/((-1)/2 - 0). Suppose 6*q = 3*q + y. Let a = q - 2. List the prime factors of a.
2
Let o = -11 + 4. Let j = o + -12. Let a = -13 - j. What are the prime factors of a?
2, 3
Suppose 3*p - 17 = 1. What are the prime factors of 2/p - 748/(-33)?
23
Let a = 58 + -21. List the prime factors of a.
37
Let m(i) = 2*i**3 + i**2 - 5*i + 0*i**3 + 4*i. List the prime factors of m(1).
2
Suppose -2*f + 22 = 5*p, -5*p + 8 = -5*f - 7. Let z = f + 3. Suppose 3*s + 2*s = 10, z*o - 4*s - 4 = 0. What are the prime factors of o?
3
Let f(d) = d - 2. Let m be f(5). Suppose -p - m = b - 5*p, 0 = -2*b + 5*p. Suppose -y + 24 = 4*t, b*y + 8 = -12. What are the prime factors of t?
7
Let k = -308 - -460. What are the prime factors of k?
2, 19
Suppose 4*m - 43 = -c, -4*m = -10 - 10. Suppose l + 4 = -4*y - 3, 3*l + y = c. List the prime factors of l.
3
Suppose n + 136 = 5*n - 4*m, 3*n + 5*m - 78 = 0. Suppose -u - 9 = 6*g - 2*g, u = 4*g + n. What are the prime factors of u?
11
Let i = 6 - 3. Let x be i/9*(15 - 0). Suppose x*c = 4*v - 8, 0 = -3*v - 2*c - 2*c + 6. List the prime factors of v.
2
Let d = -14 - -103. List the prime factors of d.
89
Let u = -4 + 2. Let o be (-85)/10*(0 - u). Let d = -8 - o. What are the prime factors of d?
3
Suppose 2*u + d - 17 = -2*u, 0 = 2*u - 3*d + 9. Let c be (-1 + u)*(6 + -5). Suppose -3 = -c*i + 3. List the prime factors of i.
3
Let m(g) = g**3 - 2*g**2 + 2*g + 2. Let d be m(2). Let q(r) = 20*r - d*r - 6 - 3*r**2 + 2*r**2 - r. What are the prime factors of q(11)?
2
Let v(f) = f**2 + 5*f + 4. Let z be v(-4). Suppose z*n + 4*n = 0. Suppose n = -y + 5*y - 4*u - 8, -2*y - 5*u + 4 = 0. What are the prime factors of y?
2
Let u = 13 + -2. Let h = u + -9. Let j = 13 - h. What are the prime factors of j?
11
Let b = 12 - 6. Suppose -2*t + 8 + b = 0. List the prime factors of t.
7
Let m be 378/(-6)*(-8)/6. Suppose 0 = -4*z + 148 + m. List the prime factors of (-8)/28 - z/(-7).
2
Let d = 113 + -38. What are the prime factors of d?
3, 5
Suppose 3*g - 154 = -31. List the prime factors of g.
41
Let w = 35 + 131. List the prime factors of w.
2, 83
Let c = 4 + -8. Let k = -4 - c. Suppose k*h = 3*h - 18. List the prime factors of h.
2, 3
Let m(j) = 2*j**2 + 2*j - 3. Let n(d) = 2*d**2 + 2*d - 4. Let f(o) = 5*m(o) - 4*n(o). List the prime factors of f(3).
5
Suppose 2 + 0 = w. Suppose -3*n = w*n - 85. Suppose -3*a - n = -3*d - 2*a, 5*a + 33 = 2*d. List the prime factors of d.
2
Let c(g) = -4*g**3 - g**2 - 3*g - 3. Let p be c(-2). Suppose -5*m + p + 29 = 0. What are the prime factors of 15/(2*9/m)?
2, 5
Suppose -3*m + 6 = -0. Suppose -m*z + z = -6. Let b(c) = -c**2 + 8*c - 5. List the prime factors of b(z).
7
Let o be 10/4*16/10. Suppose p + 5*k = 4*p + 20, -3*p - o*k = 11. Let u = -1 - p. List the prime factors of u.
2
Let q(m) = m - 2*m + 0*m. List the prime factors of q(-7).
7
Suppose 5*m - 161 - 14 = 0. What are the prime factors of m?
5, 7
Let h = 11 - 3. Suppose u - h = -u. Suppose 0 = 5*d + w - 45, -4*w = u*d - 34 - 2. What are the prime factors of d?
3
Let h = 194 + -100. What are the prime factors of h?
2, 47
Let h(l) = l**2 + l - 5. Let c = 6 - 2. List the prime factors of h(c).
3, 5
Suppose x + 0 = 9. What are the prime factors of x?
3
Let f(l) = l**2 - 9*l + 8. Let p be f(6). Let h = p + 16. Suppose 3*y = 2*y + h. What are the prime factors of y?
2, 3
Suppose 4*b - 7*b = -12. Suppose 9*j = b*j + 90. What are the prime factors of j?
2, 3
Suppose -3*b + r + 40 = 0, 0 = 3*b - 0*b - 2*r - 35. What are the prime factors of b?
3, 5
Let a(t) = -t**3 + 5*t**2 + 6*t + 5. Let j be a(6). Let q be j - 0 - (-2 + 1). Suppose -u + q = u. What are the prime factors of u?
3
Let b be 74/10 + 4/(-10). Let g = 3 - -1. Suppose 0 = -g*u + 1 + b. What are the prime factors of u?
2
Let n = -6 + 8. Suppose -4 = c - n*c. Suppose 4*q - 13 = -5*v + c*v, -1 = v - 3*q. List the prime factors of v.
5
Let u(k) = -2*k + 6. Let f(p) = 4*p - 11. Let w(d) = -4*f(d) - 9*u(d). What are the prime factors of w(11)?
2, 3
Let x(l) = 0 - 4*l - 2*l - 2 + 2*l. List the prime factors of x(-3).
2, 5
Let n(o) = 3*o**3 - 2*o**2 - o + 5. What are the prime factors of n(3)?
5, 13
List the prime factors of (-140)/(-21) + (-1)/(-3).
7
Suppose 0*p + w = -4*p + 487, -p + 3*w + 125 = 0. What are the prime factors of p?
2, 61
Let t = 8 - 4. Suppose -4*w + t*i + i + 65 = 0, 3*i = 2*w - 35. List the prime factors of w.
2, 5
Let s(x) = 18*x - 13. What are the prime factors of s(3)?
41
Let v(u) = -u**2 - 13*u - 2. Let l be v(-11). Suppose 5*k - l = -0. List the prime factors of k.
2
Let t = 4 + 9. Suppose 0 = x + 2*x + 3, 3*s - 4*x - t = 0. Suppose -p = 1, 7 = k + p - s. List the prime factors of k.
11
Let g(x) = x**2 - 8*x + 9. Let b(o) = -4*o + 4. Let f(r) = -5*b(r) + 3*g(r). List the prime factors of f(3).
2, 11
Let u be (1 + -2)*1 + 3. Suppose 2*i - 6 + u = 0. Suppose -i*w = -w - 3. List the prime factors of w.
3
Let t = 174 - -9. List the prime factors of t.
3, 61
Let i = -12 - -15. Suppose 1 = -v - 5*y - 0*y, -i*v + 3*y = -51. What are the prime factors of v?
2, 7
Let k(b) = 4*b**2 - b + 2. What are the prime factors of k(9)?
317
Suppose x + 5*r = -x + 52, -2*r = -8. What are the prime factors of x?
2
Let a = 411 + -138. What are the prime factors of a?
3, 7, 13
Suppose 0*q = 3*x - 2*q - 194, -5*q + 315 = 5*x. List the prime factors of x.
2
Let b = -35 + 147. What are the prime factors of b?
2, 7
Let u = -1 + -1. Let z be 1268/28 - u/(-7). Suppose -5*v = -135 + z. List the prime factors of v.
2, 3
Suppose -4*h - 2*p = -0*h - 410, 2*h - p - 207 = 0. Suppose 3*u - h = -0*u + y, -2*u - 4*y + 92 = 0. List the prime factors of u.
2, 3
Suppose k - 394 = n, -5*k + 2*n + 740 = -1242. What are the prime factors of k?
2, 199
Let q(r) = -r**2 + r - 4. Let k be q(3). Let a = k + 6. List the prime factors of ((-16)/6)/a*6.
2
Suppose -2*c - 7 = -31. Let f = -6 + c. List the prime factors of f.
2, 3
Let i(g) = -g**3 + 10*g**2 - g - 1. List the prime factors of i(8).
7, 17
Let c = 3 - 3. Suppose -2*n + 0*n + 8 = c. What are the prime factors of n?
2
Suppose 3 = 2*z + h - 167, 2*z - 170 = 5*h. List the prime factors of z.
5, 17
Let q be 24/(-9) - (-4)/6. Let v be ((-12)/(-20))/(q/(-10)). Suppose 3*d + v - 12 = 0. What are the prime factors of d?
3
Let r(d) be the first derivative of -1/4*d**4 + 0*d**3 - 3 + 2*d - 1/2*d**2. List the prime factors of r(-2).
2, 3
Let g(i) = -3 + 5*i + 2 + 3 - 3. What are the prime factors of g(9)?
2, 11
Let x = -140 - -214. What are the prime factors of x?
2, 37
Su